 279 = -3*o. What are the prime factors of o?
71
Suppose -5*g + 29 = -21. Let t = 35 - g. What are the prime factors of t?
5
Suppose 4*p = y + 3397, 0 = -p + y + 1192 - 342. What are the prime factors of p?
3, 283
Suppose 0 = 26*f - 32*f + 384. List the prime factors of f.
2
Suppose -u + 0*u - 4*k + 1265 = 0, 3*u - 4*k = 3875. Suppose -7*m - u = -12*m. What are the prime factors of m?
257
Let l(i) = 14*i**2 + 45 + 5*i - 13*i - 8. What are the prime factors of l(3)?
139
Let g be 1/((-4)/80 - 0). Let s = g - -65. Let z = s - 24. What are the prime factors of z?
3, 7
Let a(u) = -4*u - 1. Let d = 10 + -8. Suppose 5*j - 3*z + 2 = -15, d*z = 8. What are the prime factors of a(j)?
3
Let x(y) be the third derivative of y**5/60 + y**4/12 - y**3/6 + 8*y**2. What are the prime factors of x(2)?
7
Suppose 2*w - 8 = w + 3*l, -3*w - l + 14 = 0. Suppose 4*t - 7 = -3*u, t + u - 13 = w*t. What are the prime factors of (t + (2 - -1))*52?
2, 13
Let l = 51 - 102. What are the prime factors of (11 - 3)*l/(-4)?
2, 3, 17
Let d = -42 + 26. Let v be (5/10)/((-2)/124). Let u = d - v. List the prime factors of u.
3, 5
Suppose m = 2*m + 21. Let s = m - -232. Suppose -2*y - 2*v = -0*y - 82, -v = -5*y + s. List the prime factors of y.
2, 3, 7
List the prime factors of (2/(-5))/(1/15) - -1689.
3, 11, 17
Let l = 37 - 41. What are the prime factors of (1 - (-1)/l*4) + 76?
2, 19
Let d be -3*-5*(-1)/(-3). Suppose -2*m = -d*m. Suppose m = -2*z + 1 + 33. List the prime factors of z.
17
Let z(i) = i**3 + 3*i**2 + i + 3. Let w be z(-3). Suppose -3*x - 84 = -w*x. List the prime factors of x*-3*(-2)/(-12).
2, 7
Let p = -99 - -104. Suppose 5*d - 680 = p*m, -5*d - 235 = 5*m - 945. List the prime factors of d.
139
Suppose -9 = 3*u, 0*u + 2*u = 2*k + 28. Let g be 138/(-4)*4/(-6). Let s = k + g. List the prime factors of s.
2, 3
Suppose -639 = 7*w - 2578. List the prime factors of w.
277
Let j = -56 - -154. List the prime factors of j.
2, 7
Suppose -x + 1 = 4*a, 4*x - 24 = 2*a + 2*a. Suppose -3*o + 2*p + 181 = 0, x*o = -5*p + 360 - 25. Suppose -3*b + 0*b + o = 0. List the prime factors of b.
3, 7
Let a(z) = -z**3 + z**2 - 2. Let g be a(2). Let i be (-50)/(-18) + g/(-27). List the prime factors of -2 + i - 3 - -33.
31
Suppose -19*l - 2935 = -16216. List the prime factors of l.
3, 233
Let d(j) = -57*j + 4. Let w be d(-6). Let i = w + -225. List the prime factors of i.
11
What are the prime factors of (666/4 - -2)/((-19)/(-38))?
337
Let z = 1131 + -584. List the prime factors of z.
547
Let r = -159 - -280. What are the prime factors of r?
11
Suppose -36*j + 35*j - 4 = 0. Let d(m) = -2*m**3 - 2*m**2 + 6*m + 2. List the prime factors of d(j).
2, 37
Suppose -5*x + 2 + 23 = 0. Suppose -4*a = -x - 11. Suppose 78 = a*v - v. What are the prime factors of v?
2, 13
Let d(w) = -82*w + 98. List the prime factors of d(-6).
2, 5, 59
Let p(u) = u + 23. Let q be p(-7). Suppose -3*w = 4*x + 30, -w = -2*x + 4*x + q. What are the prime factors of (x/(-5))/(20/200)?
2, 3
Suppose 2*w + 12 = -2*h, -4*h - 12 = -4. Let x = w - -8. Suppose x*b - 12 = 3*b. What are the prime factors of b?
2, 3
Suppose 4*o + l - 1 = 0, o + l + 1 + 1 = 0. Let r(u) be the second derivative of 17*u**4/12 - u**3/6 - 4*u. List the prime factors of r(o).
2
Suppose -12 = -0*z - 2*z. Suppose -4*n + 26 = z. Suppose n*q = 89 + 36. What are the prime factors of q?
5
Let h(b) = 2*b**3 - 16*b**2 + 40*b + 47. List the prime factors of h(13).
37, 61
Suppose 3*w + 1022 = p, -5*w - 10 = -7*w. List the prime factors of p.
17, 61
Let y(i) be the second derivative of -i**4/12 - 4*i**3/3 - i**2 - i. What are the prime factors of y(-6)?
2, 5
Suppose 3*z - 57 = -3*m - 0*m, -4*m - 36 = -4*z. Let x be 105/49 - 2/z. Suppose -x*n - 9 = -27. List the prime factors of n.
3
Suppose 30 = -3*c - 3*y - 2*y, 50 = -5*c + 2*y. Let j(m) = m**2 + 5*m - 22. What are the prime factors of j(c)?
2, 7
Suppose -3*t - t = 44. Let u = 11 + t. Suppose -2*i + 112 = 4*d, u = -3*d + 2*i + i + 84. List the prime factors of d.
2, 7
List the prime factors of (-11)/(-99) - (252530/(-18))/5.
2, 23, 61
Suppose -4*i + 3000 = -o, 0 = -5*i + o + 2726 + 1024. What are the prime factors of i?
2, 3, 5
List the prime factors of 3 - 20/4 - -1058.
2, 3, 11
Let v(w) = 4 - 2*w - 1 + 3*w. Suppose -5*f - 3*b + 15 = 0, 7*f - 5*b = 2*f + 55. List the prime factors of v(f).
3
Let a be (-1 - 2) + 16/((-80)/(-6525)). List the prime factors of a/30 - ((-2)/(-5) - 0).
43
Let f(h) be the third derivative of -h**4/12 - h**3/6 + 7*h**2. Let w be f(-2). Suppose g + 50 = w*g. What are the prime factors of g?
5
Suppose -3*w - 315 = -4*w. Suppose w + 18 = 3*j. List the prime factors of j.
3, 37
What are the prime factors of 4 + 0 + (-4808 - 12)/(-10)?
2, 3
Suppose 3*r = 5*b + 2*r - 70, 0 = -4*r. List the prime factors of b.
2, 7
Let u(g) = g + 8. Let w be u(-9). Let r(f) = -4*f. Let l be r(w). List the prime factors of 4*(l + 27/12).
5
Let b(g) = 4*g**2 - g + 4. Suppose 3*m + 9 = a - 9, -2*a - m = -1. Let r be b(a). Suppose r = 3*t - 4*k, -3*t + 87 = 4*k + 10. What are the prime factors of t?
19
Let t = -528 - -576. List the prime factors of t.
2, 3
Let s(c) = -c**3 + 15*c**2 + 2*c + 3. Let v be s(15). Suppose -4*b - v = -29. List the prime factors of (28 - 3/b) + -1.
2, 3, 5
What are the prime factors of -25590*((-65)/(-78) + -1)?
5, 853
Suppose s + 2*o - 249 - 789 = 0, -2*s + 4*o = -2036. Suppose 5*d - s = 132. List the prime factors of d.
2, 29
Let o(r) = -40*r + 5. What are the prime factors of o(-20)?
5, 7, 23
Let h = -162 + 289. List the prime factors of h.
127
Let k(z) be the first derivative of z**6/30 + z**5/120 - z**4/12 - 4*z**3/3 - 9. Let p(h) be the third derivative of k(h). What are the prime factors of p(2)?
2, 3
Let s(p) = 13*p - 61. Let c be s(5). Let y = 0 - -2. Suppose -3*n = 3*u - 216, 0 = -3*u + c*u - y*n - 75. List the prime factors of u.
73
Suppose b = 19 + 256. What are the prime factors of b?
5, 11
Let k be (0 + -1)/((-4)/(-208)). Let l = k - -91. Let j = -25 + l. What are the prime factors of j?
2, 7
Let x(w) = w**3 - 21*w**2 - 36*w - 12. Let c = -139 - -162. List the prime factors of x(c).
2, 109
Suppose -13*w = 2632 + 1463. Let f = w - -518. List the prime factors of f.
7, 29
Let b = 1784 + 137. List the prime factors of b.
17, 113
Let o(y) be the first derivative of -y**4/4 - 5*y**3/3 - 3*y**2/2 + 5*y + 2. Let d be o(-4). List the prime factors of -1*7/d*-2.
2, 7
Let d be (-2)/5*(2 + -17). What are the prime factors of (-1)/(-2) - (-303)/d?
3, 17
Let x(m) = -4*m - 1. Let b be x(1). What are the prime factors of 66 - (4 + 15/b)?
5, 13
Let n(p) = -p + 5. Let o be n(-12). Let h(k) = k**2 - 11*k - 8. What are the prime factors of h(o)?
2, 47
Suppose 34 = -2*m - 4*f + 14, 0 = m + 5*f + 19. What are the prime factors of -9*(m + 8/(-6))?
2, 3
List the prime factors of 10 + 644 - 14/(3 - 1).
647
List the prime factors of 5714/6 + 116/(-348).
2, 7, 17
Let f be -1 - (6/3 - 17). Let p = f + -11. Suppose 101 = 4*w + i, 3*w + p*i = -w + 95. List the prime factors of w.
2, 13
Suppose 10*p = 15*p + 30. List the prime factors of (-3)/18*-4 + (-134)/p.
23
Let m(k) = 172*k**2 - 8 + 12 + 2*k + 0*k. List the prime factors of m(-1).
2, 3, 29
Let f = -10 - -14. Let j(r) = -2 - 6 + 8*r + 0 + 3. List the prime factors of j(f).
3
Suppose t = -3*n - 7 - 9, n + 5 = 0. Let y be 6*t/(12/(-8)). Suppose -3*s = -s + 6, y*l = s + 279. List the prime factors of l.
3, 23
Suppose 5 - 3 = 2*k. Let b(x) = 66*x + 2. List the prime factors of b(k).
2, 17
Suppose 0 = 34*x - 14803 - 5427. List the prime factors of x.
5, 7, 17
Let y(m) = 7*m**3 - 3*m**2 + 5*m + 5. Let s(l) = -l**2 + l + 1. Let v(j) = 4*s(j) - y(j). Suppose -1 = -3*f - 4. What are the prime factors of v(f)?
2, 3
List the prime factors of (-910 - ((-1 - 5) + 4))*-4.
2, 227
Let w = 4346 - 2534. What are the prime factors of w?
2, 3, 151
Suppose -4*f = -0*f + k, -4*f + 5*k = -24. Suppose 4*n = 3*n - f. What are the prime factors of -2*(n - (-268)/(-8))?
3, 23
Suppose 0*s - 6*s + 24 = 0. Suppose s*i = 4*o + 324, -5*i + 3*o + 60 = -341. What are the prime factors of i?
79
Suppose 4*g + 385 = -191. Let s = 265 + g. What are the prime factors of s?
11
Suppose 0 = -3*o - 0*o. Suppose o = a + a. Suppose -29 = -a*p - p. What are the prime factors of p?
29
Let o(b) = b*